 - (1 + (-1 + -3 - -2))?
-2
0 + 0 - 0 - -5
5
What is the value of 1 - 5 - (-1 + (0 - -1))?
-4
(0 - -2) + -1 + -4
-3
Evaluate -1 + (1 - 0) - -1.
1
4 + (-3 - 2) + 1 + 2
2
What is (-7 - 3) + 10 + 2?
2
Calculate (19 - 18) + (-3 - 1).
-3
What is the value of 3 + -4 + -1 + 2?
0
What is the value of 1 - 6 - (0 - 5)?
0
What is the value of (33 - 32) + (-2 - (1 - 1))?
-1
(-3 - (-6 + 3) - 2) + 3
1
Calculate (10 - 2) + (8 - 24).
-8
What is the value of 6 - (3 + (12 - 14))?
5
Calculate 15 + -7 + -6 - 4.
-2
Calculate ((-5 - -7) + -4 - 2) + 3.
-1
What is -7 - (-1 + -5 - -1)?
-2
Evaluate 7 + -5 + 4 + 2 + -5.
3
5 + -1 - (-9 + 8)
5
What is 24 + -29 + 3 + 0 - -7?
5
(5 - -3 - -1) + (4 - 6)
7
-2 - (4 - 2) - (-4 + 2)
-2
What is the value of 1 + 0 + -5 + 2?
-2
Evaluate (1 + -4 - -1) + (4 - 0).
2
Calculate 1 + (11 - 12) - -7.
7
Evaluate -2 + (-9 - -3 - -4) - -10.
6
What is the value of -2 - ((23 - 22) + -7 + 0)?
4
What is the value of -7 + (10 - (-6 + 9))?
0
(-1 - -5) + 0 - -2 - 2
4
-2 - (10 + -11 + 5)
-6
Evaluate 0 - ((-2 - 0) + -3).
5
Evaluate 5 - (-10 + 5 + 5 + 2).
3
What is -7 + (11 + 6 - 5)?
5
Calculate 3 + (1 - (-5 - -9)) + 0.
0
Evaluate -19 + (4 + -7 - -11).
-11
What is 2 - (2 - -3) - -5?
2
What is 1 + 1 - (2 + 2 + -2)?
0
Calculate -3 - -1 - (-3 + (4 - 3)).
0
What is the value of -8 + (-5 - -8) + 1?
-4
What is the value of -2 - ((4 - 2) + -1) - -2?
-1
What is (6 - 6) + 0 + 1?
1
Calculate (-5 - 0) + (-5 - -6) + 2.
-2
What is -7 - (-4 - 0 - 2)?
-1
Calculate 7 + (3 - 1) + -7.
2
Calculate (11 - 5) + -12 + 6.
0
Calculate (11 - 8 - 1) + 1 + -6.
-3
Calculate 6 + (6 + -5 + -3 - 5).
-1
Calculate 30 + -35 - (0 - (2 - -9)).
6
Evaluate 5 + 2 + -12 + 3.
-2
What is 6 - (4 + -5 - 0)?
7
What is the value of (-3 - (-3 - -5) - -7) + -3?
-1
-11 + 1 + 17 - 9
-2
-5 - -1 - -9 - -6
11
What is the value of 3 + (-6 - (-2 - (4 - -3)))?
6
What is -2 - 0 - (14 - 17)?
1
Calculate 1 + -7 + 23 + -22.
-5
Evaluate 2 - (11 - (10 + -4) - 4).
1
Evaluate -3 - ((-2 - (1 + 4)) + 0).
4
(55 - 54) + (4 - -2)
7
What is (-5 - (-8 + 5)) + (5 - 1)?
2
What is the value of -3 - 0 - (7 - (16 + -6))?
0
Evaluate 0 + 0 - (-16 - -14).
2
What is the value of 0 + -12 + 15 + -1 + -2?
0
(-4 - 1) + (2 - (-2 - 1))
0
Evaluate (-1 - -6 - 8 - -3) + 6.
6
Calculate (5 - 2) + 1 + 7 + -11.
0
Calculate -4 + 2 - -5 - (1 - 2).
4
Evaluate 5 + 6 + -1 + -10.
0
Evaluate (-4 + 12 + -3 - 1) + -8.
-4
What is the value of -4 + -4 + -2 + 3?
-7
What is the value of (4 - -1 - 6) + 2?
1
Evaluate 1 - -2 - (5 + 0).
-2
What is 2 + 0 + (3 - 4) - -8?
9
What is the value of 5 + (6 - 3) - (2 + 0)?
6
What is the value of -9 + (2 - (-10 - -5))?
-2
What is the value of (-3 - (8 - 8)) + 1 + 1?
-1
3 + (-8 - -2) + 4
1
Calculate (2 - 0) + 2 - (-7 + 14).
-3
What is the value of 6 + 0 - (3 - -1)?
2
Calculate -5 + (8 - 7 - 4).
-8
What is the value of 11 + (-3 - 4) - (4 - 0)?
0
Calculate (-1 - (8 + -4)) + 1.
-4
What is 6 - 7 - (2 + 2)?
-5
(5 - 5) + 1 + -1 + 3
3
-4 - 1 - -9 - 2
2
Evaluate -3 - -3 - 2 - (2 - 2).
-2
24 + -8 + -9 + -1 + -1
5
Calculate -3 - (-12 + 1) - 3.
5
Evaluate 19 + -18 - (2 + -6).
5
Calculate -1 + -4 + 2 - (0 - 3).
0
Evaluate (0 - 3) + (-4 - -3) + 0.
-4
-12 + -1 - (-39 - -21)
5
What is the value of (-8 - -11 - (3 - -1)) + 3?
2
-11 + (6 - 2) - -13
6
Calculate 2 - (-12 - -13 - (3 - 0)).
4
Calculate 14 - (6 - (4 + 4) - -6).
10
What is the value of -43 + 37 + -1 + -1 - -2?
-6
-1 + (-9 + 6 - -9)
5
Calculate 1 + 9 + -2 - 1.
7
-4 + 2 + -3 + 17 + -9
3
What is the value of 5 + 1 + -7 + 5?
4
(1 - (1 - 1)) + 14 + -12
3
What is the value of -7 + 4 - -5 - -1 - 11?
-8
What is the value of -2 - ((7 - 4) + -1)?
-4
Evaluate (-1 - (-6 + -7)) + -6.
6
Calculate -15 + 13 + (-2 - -3) + -1.
-2
Evaluate 2 + -2 + -7 + 4 + 0.
-3
Evaluate -86 + 89 + (-2 - -4) + -6.
-1
Calculate 8 - (2 - (14 - 11)).
9
Calculate -138 + 129 + -2 + (7 - -1).
-3
-2 + (6 - 4) - 3
-3
Evaluate 2 - (-9 + 7 - -10).
-6
What is the value of -2 - (3 + -2 + 1)?
-4
2 - 8 - (-5 + -7 + 7)
-1
Evaluate 0 - -13 - (3 - -5).
5
Evaluate -5 + (7 - -2) + -1.
3
-16 - (-12 - (2 + -2))
-4
(-9 - -8) + 0 + 7
6
Calculate -5 + 15 + -9 + 8.
9
-7 + 4 - (-4 + (-2 - -3))
0
Calculate -8 + (-1 - -1 - -4) + 5.
1
1 + 6 + (-8 - (-3 + -2))
4
1 + (-1 + 2 - (43 + -41))
0
Evaluate (-2 - -10) + -1 + -3 - 2.
2
What is -7 + (1 - (-4 - (14 + -6)))?
6
What is the value of 3 + -10 + (3 - (-8 - -5))?
-1
What is 1 + -1 - (53 - 48)?
-5
What is the value of 16 - -1 - (-30 + 38)?
9
What is the value of 1 + (6 + -1 - (10 + -8))?
4
What is -2 - ((-2 - -3) + 4 + -7)?
0
Evaluate (-2 + -5 - (-14 + 5)) + 2.
4
Evaluate 0 + 1 + 7 + -5.
3
(2 - 2) + 2 + -1 - -1
2
Calculate -9 + 0 - (-47 - -46).
-8
What is the value of 0 + -1 + -6 + 6?
-1
Calculate -6 - 0 - (-6 + -2).
2
9 + -2 + -6 + 2
3
3 + 4 + (15 - 20)
2
What is -4 + -1 + (0 + 4 - 2)?
-3
What is the value of (21 - 0) + (-94 - -83)?
10
Evaluate -1 - (-6 + 19 + -7).
-7
What is -3 - (0 + -1 - (-19 + 17))?
-4
Evaluate 0 + (0 + -1 - -4).
3
Calculate 2 + 4 + 0 + -3.
3
Evaluate 128 + -126 + (0 - 9) + -1.
-8
0 + -2 - (-8 + 16 + -5)
-5
What is the value of 12 + (-12 - -8) + -2?
6
Evaluate -10 + 9 - (-1 - 4).
4
What is the value of -4 - (-4 + -3 + 7) - 1?
-5
Calculate -7 + (-6 - (-9 + (1 - -2))).
-7
Evaluate -5 + -3 - (-6 - -1).
-3
Calculate -3 + 1 - (-9 + 7 + -2).
2
Evaluate 2 - (-39 + 43 - (7 + 1)).
6
2 - (-1 - 1 - (23 - 22))
5
Evaluate 11 + (7 - (0 - (-7 - 3))).
8
(-2 - -7 - 3) + -5
-3
9 + 10 + -13 + -7
-1
What is 4 + (3 - 2 - 5) + 2?
2
Calculate (-7 - -1) + (-70 - -69).
-7
20 + -31 + 10 - (-1 - 6)
6
Calculate -4 + -3 + (4 - 1).
-4
What is the value of -6 + (6 - 8) - -1?
-7
-2 + -4 + 3 - (6 + -4)
-5
Calculate (-4 - 1) + 2 + 2 + -2.
-3
Evaluate 32 - 43 - (-7 - 0).
-4
What is the value of (-2 - -7) + (-6 - 3)?
-4
What is the value of -6 + 2 + (17 - 13)?
0
What is 6 - (-9 - -3 - (-27 - -15))?
0
What is the value of -1 - (0 + -3 + 0 - -6)?
-4
Calculate (-4 + (7 - 14) - -4) + 5.
-2
Evaluate -1 - -10 - (-50 - -56).
3
Calculate (0 - 0) + (5 + -10 - 1).
-6
-1 - 5 - (0 + -2 + 0)
-4
Calculate 56 + -55 - (-5 + -1).
7
Evaluate -5 - (-6 - -3) - -4.
2
What is -4 - (5 + (-10 - -4))?
-3
-6 + 3 - (-26 + 17)
6
Calculate -5 + (8 - 5) - (1 + 0).
-3
What is the value of 1 + -2 - (2 + 2 + -1)?
-4
What is the value of -1 - 3 - (-22 + 10)?
8
Calculate -10 + 5 + 9 + (-3 - -1).
2
-4 + (-1 - (-8 - -4))
-1
What is 11 + (9 - 1) + -14?
5
6 + -3 + (-5 - (-4 - -12))
-10
Evaluate (1 - 2 - 3) + -167 + 167.
-4
Calculate 1 - -5 - (1 - -1).
4
Evaluate 1 + 2 + -1 + (0 - 2).
0
-5 + (-3 - (-1 - 6))
-1
-1 - 0 - (-4 + -2)
5
Evaluate 2 + -4 - (-14 - -10).
2
What is the value of -8 + 6 - (-1 + -1 + 1)?
-1
What is (-5 - -6) + -2 + 1?
0
What is the value of -7 + 9 + -3 - (-1 + -2)?
2
5 - (8 - (-2 + -7 + 9))
-3
9 + (2 - 7) - 3
1
0 + -1 + -220 + 211
-10
What is the value of (-19 - -18) + 2 + -2 + 0?
-1
Evaluate -1 - 5 - -9 - 4.
-1
Calculate (1 - 1) + 2 + -3.
-1
Evaluate -3 - (3 - (-3 - -7)).
-2
-5 + 11 + -3 + -2
1
4 + (0 - (6 + -5))
3
What is the value of (0 - -8) + -2 + -4 + 2?
4
3 + 1 - ((5 - 6) + 7)
-2
3 + (-3 - (1 + 4))
-5
Evaluate (-3 - -1) + 3 - 6.
-5
0 + 1 + 9 + -4 + -2
4
What is the value of (-3 - -1 - (-18 - -21)) + 4?
-1
What is 3 + -2 - 1 - 0?
0
-2 - (-2 + 2 - 4)
2
What is (2 + -4 - 0 - 5) + 2?
-5
Calculate 7 + 0 - (6 - (-8 - -2)).
-5
Evaluate 13 + -11 - (-1 + 9 + -2).
-4
Calculate -4 + 10 - (8 - (4 + -2)).
0
(-2 - (-11 - 1)) + -7
3
(-1 - -6) + -15 + 4
-6
3 + -7 - 0 - -2
-2
Calculate 0 + -1 + (17 - 18).
-2
What is (-10 - (-2 - 6)) + (-1 - 2)?
-5
Evaluate 1 + 4 + (-12 - -10) + -3.
0
What is (-2 + 6 - 5 - -4) + 2?
5
Calculate 40 + -40 - (1 + -2).
1
Evaluate -5 - (9 - 1) - -18.
5
Evaluate 98 + -104 + -1 + 4.
-3
(2 - -6) + (-57 - -48)
-1
(0 - -4) + (-1 + -11 - -5)
-3
What is the value of (-4 - -3) + 5 + (7 - 6)?
5
Calculate (27 - 29) + 15 + 0 + -3.
10
What is the value of 8 - (-5 - -14 - 4)?
3
What is the value of (0 - 9) + (-9 + -7 - -19)?
-6
(25 - 18) + (-2 - 1) + -2
2
-11 - (-1 + 14 + -15)
-9
What is the value of 1 - (-5 + (-4 - (-7 + -1)))?
2
What is 5 + -2 + -3 + 3 + 0?
3
-3 + (5 - 3) + 5 + -7
-3
What is the value of -4 - (-11 + 7 - -3)?
-3
Evaluate 5 + -2 + (3 - (15 + -7)).
-2
Calculate 1 - 4 - 2 - -10.
5
Calculate (0 - 1) + -8 - -9.
0
-2 + 5 + (-3 - 0)
0
Evaluate (-3 - (2 - -2)) + 5.
-2
Evaluate 1 + (-5 - (-4 + 0)).
0
Calculate 2